(-32).
20
Let t(p) = -2*p**2 + 14*p - 9. Determine t(5).
11
Let t(c) = 11*c - 11. What is t(3)?
22
Let y(a) = 59*a + 4. Calculate y(-1).
-55
Let p(m) = -m**3 + 4*m**2 + 4*m - 1. Determine p(5).
-6
Let n(d) = -d**3 + 4*d**2 + 20. Determine n(5).
-5
Let y(d) = d**2 - d. Give y(-2).
6
Let l(g) = g**3 + 2*g**2 - 2*g - 4. Determine l(-4).
-28
Let h(b) = 197*b + 587. Calculate h(-3).
-4
Let w(a) = -a**2 + 2*a + 17. Calculate w(8).
-31
Let b(a) = 2*a - 4. Determine b(9).
14
Let z(y) = 9*y + 89. Determine z(-12).
-19
Let g(s) = -s**2 + 8*s - 11. What is g(10)?
-31
Let o(z) = 3*z**3 - z**2 - 5*z + 5. Determine o(2).
15
Let d(q) = -q**2 + 3*q + 20. Give d(7).
-8
Let u(a) = -a**2 - 6*a + 17. Calculate u(-7).
10
Let g(m) = 2*m - 36. Give g(17).
-2
Let j(c) = 24*c + 24. Determine j(0).
24
Let n(y) = 31*y + 11. Give n(2).
73
Let b(r) = r**3 - 10*r**2 - 5*r + 36. Calculate b(10).
-14
Let m(o) = 7*o**2 + 3*o + 9. Give m(-2).
31
Let z(x) = -2*x**2 + 5*x + 1. Determine z(4).
-11
Let j(n) = -n**3 + 9*n**2 + 22*n - 3. What is j(11)?
-3
Let y(a) = 12*a + 89. Determine y(-7).
5
Let k(s) = -s**2 + 10*s - 9. Calculate k(6).
15
Let t(u) = -u**2 + 3. Give t(3).
-6
Let c(v) = v**2 - 28*v + 64. Determine c(24).
-32
Let x(y) = 2*y - 1. What is x(-10)?
-21
Let o(z) = -3*z**3 + 3*z**2 + 3*z - 4. Determine o(-3).
95
Let u(v) = -v**3 - 8*v**2 - 15*v + 4. Determine u(-4).
0
Let l(d) = -2*d + 13. What is l(0)?
13
Let l(p) = p**3 + 40*p**2 + 77*p - 11. What is l(-38)?
-49
Let q(v) = v**2 - 9*v + 13. Give q(5).
-7
Let k(h) = 5*h**2 + 30*h - 30. Determine k(1).
5
Let v(s) = 21*s - 347. Calculate v(16).
-11
Let v(q) = -q**2 - 23*q + 3. Give v(-23).
3
Let x(r) = -r**3 - 4*r**2 + 11*r - 2. Calculate x(-6).
4
Let p(b) = -b**3 + 6*b**2 - 8*b - 2. What is p(6)?
-50
Let o(l) = 5*l + 54. Calculate o(-16).
-26
Let h(m) = 19*m - 311. What is h(16)?
-7
Let g(h) = -h**3 - 4*h - 2. What is g(-3)?
37
Let f(b) = -2*b**2 - 100*b + 2. Calculate f(-50).
2
Let a(i) = -i**3 + 5*i**2 + 5*i. Calculate a(5).
25
Let o(g) = 6*g + 33. Give o(-10).
-27
Let b(a) = 4*a - 11. Calculate b(9).
25
Let b(p) = -p**2 - 10*p - 10. What is b(-6)?
14
Let q(n) = -84*n**3 - 3*n - 2. Calculate q(-1).
85
Let h(q) = -q**2 + 9*q + 9. Determine h(8).
17
Let i(s) = -13*s + 27. Give i(2).
1
Let u(q) = -q**3 + 14*q**2 - 8*q + 17. Determine u(13).
82
Let i(x) = -x**3 + x**2 - 1. What is i(0)?
-1
Let b(r) = r**3 - 5*r**2 + 2. Determine b(4).
-14
Let q(z) = -22*z**2 - 7*z - 5. Calculate q(-1).
-20
Let n(c) = -c**3 - 5*c**2 - 7*c - 8. Give n(-4).
4
Let a(w) = -2*w**2 - 86*w - 112. What is a(-42)?
-28
Let j(r) = -54*r - 116. What is j(-2)?
-8
Let l(r) = 11*r**3 - 2*r - 1. Give l(-1).
-10
Let n(r) = -6*r - 6. Determine n(-4).
18
Let q(p) = -2*p - 5. Calculate q(-8).
11
Let z(r) = -r + 58. Calculate z(-18).
76
Let s(b) = 4*b**3 - b**2 - 2. Calculate s(-2).
-38
Let l(s) = 42*s + 1. Determine l(3).
127
Let l(z) = -2*z**3 - 2*z - 10. Determine l(-2).
10
Let o(g) = -g**2 - 22*g + 6. What is o(-22)?
6
Let i(x) = -48*x + 161. What is i(5)?
-79
Let b(p) = p - 17. Calculate b(-10).
-27
Let m(a) = a - 11. Calculate m(10).
-1
Let q(m) = m. Calculate q(-12).
-12
Let o(s) = -s**2 + 13*s - 33. Determine o(13).
-33
Let k(i) = -i - 14. What is k(-5)?
-9
Let t(u) = -5*u - 19. Determine t(-10).
31
Let b(r) = r**3 + 4*r**2 - 3*r - 5. Calculate b(-3).
13
Let c(q) = q**2 - 21*q - 34. What is c(22)?
-12
Let c(u) = 2*u**2 + 14*u - 80. Give c(-11).
8
Let j(s) = -s**3 - 6*s**2 + 4*s. What is j(-6)?
-24
Let g(v) = -v**3 + 9*v**2 - 24*v + 35. Determine g(6).
-1
Let o(p) = -p**3 - 9*p**2 + 16*p + 150. Determine o(-9).
6
Let v(q) = -q**2 + 12*q - 31. Give v(4).
1
Let s(a) = -a**3 + 15*a**2 - 33*a + 31. What is s(12)?
67
Let w(u) = -15*u**3 + 2*u**2 - 5*u + 2. What is w(1)?
-16
Let l(m) = m**3 + 19*m**2 - 7*m - 9. Determine l(-19).
124
Let z(v) = 16*v**2 + 62*v - 10. Give z(-4).
-2
Let g(i) = -i**2 - 6*i - 3. What is g(0)?
-3
Let d(m) = m**3 - m**2 - 16*m + 12. Calculate d(5).
32
Let y(z) = z**3 + 41*z**2 + z + 41. Determine y(-41).
0
Let c(d) = -d - 8. Calculate c(-1).
-7
Let r(p) = -p**3 + 3*p**2 + 6. What is r(3)?
6
Let b(y) = -41*y**2 - y. Calculate b(1).
-42
Let b(q) = q**3 + 19*q**2 - 18*q - 24. Give b(-20).
-64
Let f(j) = -2*j**3 + 18*j**2 - 4*j - 9. What is f(9)?
-45
Let c(i) = -i**3 + 18*i**2 - 16*i - 5. What is c(17)?
12
Let n(w) = -8*w + 71. What is n(10)?
-9
Let u(o) = -o**2 + 14*o - 1. Give u(2).
23
Let n(z) = z**3 - 6*z**2 - 26*z + 4. Determine n(-3).
1
Let s(x) = 7*x**3 + x**2 - x + 2. Determine s(2).
60
Let r(w) = 2*w - 4. What is r(-3)?
-10
Let w(h) = -h**3 - 3*h**2 - 5*h - 3. What is w(-2)?
3
Let t(l) = l**2 + 8*l + 19. What is t(-6)?
7
Let r(g) = 2*g**3 - 3*g**2 - 121*g - 8. What is r(-7)?
6
Let x(u) = -3*u**3 + 16*u + 8. Give x(-3).
41
Let b(t) = 2*t**2 - 3*t + 4. Determine b(-4).
48
Let t(a) = -7*a - 9. Give t(-1).
-2
Let z(x) = -x**3 - 7*x**2 - 5*x - 5. What is z(-6)?
-11
Let w(h) = h**3 + 12*h**2 - 12*h + 29. Determine w(-13).
16
Let d(b) = -16*b**2 + 4*b + 7. What is d(-2)?
-65
Let y(l) = -l**2 + 17*l - 24. Calculate y(15).
6
Let i(s) = 2*s**2 - 21*s + 7. Determine i(10).
-3
Let g(j) = j**3 + 6*j**2 - 11*j - 11. Determine g(-7).
17
Let c(j) = -j**3 - 8*j**2 + 2*j + 11. What is c(-8)?
-5
Let t(f) = -46*f + 184. Determine t(4).
0
Let f(g) = 29*g + 282. What is f(-9)?
21
Let b(i) = -i**3 + 3*i**2 + 2*i - 6. Calculate b(3).
0
Let g(s) = s - 7. Calculate g(-3).
-10
Let c(j) = -12*j**2 - 6*j - 6. Determine c(-2).
-42
Let z(n) = 38*n + 39. Calculate z(-1).
1
Let n(z) = -2*z**3 - 2*z**2 + 6*z + 6. Determine n(0).
6
Let q(h) = h**2 - 15*h + 37. Calculate q(3).
1
Let x(o) = -o**2 + 34*o - 158. Calculate x(28).
10
Let c(k) = k**2 + 12*k - 2. Determine c(-12).
-2
Let c(x) = 4*x**3 + 9*x**2 - 8*x - 2. Give c(1).
3
Let y(b) = b**3 + 3*b**2 + 2*b + 9. Give y(-3).
3
Let b(g) = -6*g**3 + 2*g**2 + 3*g - 3. What is b(2)?
-37
Let j(w) = w**3 - 37*w**2 - 2*w + 76. Give j(37).
2
Let g(a) = -a - 7. What is g(16)?
-23
Let a(i) = i**3 - 4*i**2 + i - 2. Determine a(3).
-8
Let f(t) = -t**2 - t + 5. Determine f(0).
5
Let s(c) = -27*c - 291. What is s(-11)?
6
Let b(x) = -4*x**2 - x - 1. Give b(-1).
-4
Let v(p) = p**3 - 4*p**2 - 9*p + 8. Give v(6).
26
Let x(g) = g**3 - 10*g**2 + 9*g - 15. Calculate x(9).
-15
Let q(p) = p**3 + 4*p**2 - 12*p + 2. What is q(-6)?
2
Let f(d) = d**2 - 4*d + 1. Calculate f(1).
-2
Let m(q) = q**2 + 20*q - 30. Determine m(-18).
-66
Let j(c) = -2*c - 9. Give j(-7).
5
Let q(r) = r - 10. Calculate q(9).
-1
Let x(n) = -n**2 - 11*n + 3. Give x(-10).
13
Let v(o) = o**2 - 12*o - 35. Give v(16).
29
Let i(m) = 10*m + 78. Determine i(-9).
-12
Let f(t) = -3*t - 16. What is f(3)?
-25
Let h(c) = c**2 - 43*c + 85. What is h(41)?
3
Let g(m) = m**3 - 9*m**2 + 15*m - 4. What is g(7)?
3
Let l(p) = -p**2 + p + 4. Calculate l(4).
-8
Let x(f) = -f**3 - 4*f**2 + 10*f + 27. Determine x(-5).
2
Let f(q) = -q**3 + 12*q**2 + 30*q - 18. Give f(14).
10
Let n(g) = 6*g - 42. Give n(8).
6
Let q(y) = y**2 + 29*y + 99. Give q(-25).
-1
Let h(l) = -l**3 + 10*l**2 - 20*l + 29. Calculate h(8).
-3
Let f(v) = v**3 + 14*v**2 + 29*v + 45. Determine f(-12).
-15
Let p(n) = -2*n**2 + 2*n + 29. What is p(9)?
-115
Let g(t) = -18*t - 49. Determine g(-4).
23
Let k(p) = -2*p**2 + 7*p + 5. Calculate k(10).
-125
Let h(q) = -3*q**2 + 18*q - 3. Give h(6).
-3
Let c(t) = 20*t - 593. Calculate c(30).
7
Let k(c) = c**2 - 6*c - 16. Determine k(10).
24
Let m(x) = 19*x + 1390. Give m(-73).
3
Let f(c) = -c**3 + c**2 + 58*c + 9. Determine f(-7).
-5
Let r(n) = 63*n - 180. What is r(3)?
9
Let k(y) = 8*y**2 + y - 2. What is k(-2)?
28
Let y(m) = -3*m**2 + 2*m + 14. Determine y(-4).
-42
Let g(s) = s**2 - 16*s + 35. What is g(13)?
-4
Let r(a) = a**3 + 6*a**2 + a - 3. What is r(-5)?
17
Let l(s) = -s**3 + 5*s**2 - 4. Determine l(5).
-4
Let h(a) = -a**3 - a**2 - 6*a - 4. Calculate h(-4).
68
Let g(x) = -2*x**3 + 2*x**2 + 2*x - 1. Calculate g(-2).
19
Let z(y) = y**3 - 2*y**2 - 6*y - 6. Determine z(-3).
-33
Let a(b) = -b**3 - 5*b**2 - 4*b - 2. Give a(-4).
-2
Let i(j) = -5*j + 14. Determine i(5).
-11
Let j(f) = -2*f**3 + 6*f**2 - f + 1. Give j(3).
-2
Let u(d) = -d**2 - 14*d - 23. Determine u(-10).
17
Let r(n) = -n**2 + 2*n + 8. Give r(0).
8
Let w(x) = x**2 - 1. Give w(-1).
0
Let q(u) = -u**3 - 6*u**2 + 10*u + 17. G